{"id":31,"date":"2022-11-29T10:23:42","date_gmt":"2022-11-29T10:23:42","guid":{"rendered":"http:\/\/development.gartenbau-kneisel.de\/?page_id=31"},"modified":"2022-12-25T10:03:42","modified_gmt":"2022-12-25T10:03:42","slug":"impressum","status":"publish","type":"page","link":"https:\/\/www.gartenbau-kneisel.de\/?page_id=31","title":{"rendered":"Impressum"},"content":{"rendered":"\n\n\t<h4>Impressum<\/h4>\nwww.gartenbau-kneisel.de<br \/>\nGesch\u00e4ftsf\u00fchrer:<br \/>\nHolger Kneisel\nStuifenweg 1<br \/>\n73110 Hattenhofen, W\u00fcrtt\nTelefon : 07164 &#8211; 5622<br \/>\nTelefax : 07164 &#8211; 146053\n<p>kneisel.holger@t-online.de<\/p>\nDesign &amp; Konzept<br \/>\nwww.feierabend.it\n\t\t\t\t<img loading=\"lazy\" decoding=\"async\" src=\"http:\/\/development.gartenbau-kneisel.de\/wp-content\/uploads\/2022\/12\/partner_verbandslogo_hochkant_mit_eigenem_logo.png\" alt=\"partner_verbandslogo_hochkant_mit_eigenem_logo\" itemprop=\"image\" height=\"700\" width=\"400\" title=\"partner_verbandslogo_hochkant_mit_eigenem_logo\" onerror=\"this.style.display='none'\"  \/>\n\n","protected":false},"excerpt":{"rendered":"<p>Impressum www.gartenbau-kneisel.de Gesch\u00e4ftsf\u00fchrer: Holger Kneisel Stuifenweg 1 73110 Hattenhofen, W\u00fcrtt Telefon : 07164 &#8211; 5622 Telefax : 07164 &#8211; 146053 kneisel.holger@t-online.de Design &amp; Konzept www.feierabend.it<\/p>\n","protected":false},"author":1,"featured_media":0,"parent":0,"menu_order":0,"comment_status":"closed","ping_status":"closed","template":"","meta":{"neve_meta_sidebar":"","neve_meta_container":"","neve_meta_enable_content_width":"","neve_meta_content_width":0,"neve_meta_title_alignment":"","neve_meta_author_avatar":"","neve_post_elements_order":"","neve_meta_disable_header":"","neve_meta_disable_footer":"","neve_meta_disable_title":"","footnotes":""},"class_list":["post-31","page","type-page","status-publish","hentry"],"_links":{"self":[{"href":"https:\/\/www.gartenbau-kneisel.de\/index.php?rest_route=\/wp\/v2\/pages\/31","targetHints":{"allow":["GET"]}}],"collection":[{"href":"https:\/\/www.gartenbau-kneisel.de\/index.php?rest_route=\/wp\/v2\/pages"}],"about":[{"href":"https:\/\/www.gartenbau-kneisel.de\/index.php?rest_route=\/wp\/v2\/types\/page"}],"author":[{"embeddable":true,"href":"https:\/\/www.gartenbau-kneisel.de\/index.php?rest_route=\/wp\/v2\/users\/1"}],"replies":[{"embeddable":true,"href":"https:\/\/www.gartenbau-kneisel.de\/index.php?rest_route=%2Fwp%2Fv2%2Fcomments&post=31"}],"version-history":[{"count":0,"href":"https:\/\/www.gartenbau-kneisel.de\/index.php?rest_route=\/wp\/v2\/pages\/31\/revisions"}],"wp:attachment":[{"href":"https:\/\/www.gartenbau-kneisel.de\/index.php?rest_route=%2Fwp%2Fv2%2Fmedia&parent=31"}],"curies":[{"name":"wp","href":"https:\/\/api.w.org\/{rel}","templated":true}]}}